o) = o**3 - 5*o**2 - o + 10. Let p be d(5). Suppose 2*k - 23 = p*b + 32, 0 = b - 2*k + 3. Let a = 56 + b. What are the prime factors of a?
43
Suppose 3*i - 4578 = -f, 3*f - 6088 = -4*i + 7*f. What are the prime factors of i?
5, 61
Let k = 1839 - 1067. What are the prime factors of k?
2, 193
Suppose -4*h - 5*a = -1349, -h + 3*h - 652 = 2*a. Suppose -z = 5*m - 5*z - 319, z = 5*m - h. List the prime factors of m.
67
Let v = 352 + 44. List the prime factors of v.
2, 3, 11
Let u(t) = 41*t**2 + 19*t - 13. Let v be u(-6). Suppose -12*n = -v + 113. What are the prime factors of n?
103
Let q(s) = s - 13. Let t be q(18). What are the prime factors of 205/t + -3 + 3?
41
Suppose 9*f - 11*f + 12 = 0. Suppose -4*i + f*i - 151 = 3*n, 127 = 2*i + 5*n. What are the prime factors of i?
71
Suppose -3*q - 4*w = -8, -q = -w - 2*w + 19. Let u = q - -4. Suppose 0*z - z + 67 = u. What are the prime factors of z?
67
Let l = 1246 + -742. What are the prime factors of l?
2, 3, 7
Suppose -3*c = -2*c + 4*o - 21, -5*c - 4*o + 185 = 0. Suppose -1 = 5*m - c. Let n = m - -10. List the prime factors of n.
2, 3
Let h(o) be the first derivative of o**3/6 - o + 4. Let p(a) be the first derivative of h(a). What are the prime factors of p(6)?
2, 3
Suppose 6 + 5 = 4*w + s, -4*s = -5*w + 40. Suppose -w*i - 4*a + 0*a = -684, 0 = -i + 5*a + 183. List the prime factors of i.
173
Suppose 165 = -o - 4*o. Let x = 18 - o. Let v = x - -3. List the prime factors of v.
2, 3
Let w = -5 + -48. Let r = -105 - w. Let u = 91 + r. List the prime factors of u.
3, 13
Suppose -4*z - 4*s + 10350 = s, 2*z = -4*s + 5172. What are the prime factors of z?
2, 5, 7, 37
Suppose -4 - 5 = 3*u. What are the prime factors of -1 + 5 - (-65 + u)?
2, 3
Suppose 0 = 12*q - q - 4*q. Suppose 3*h = -h. Suppose 5*k - 67 = -2*a, q = -h*a - a + 3*k + 6. What are the prime factors of a?
3, 7
List the prime factors of 2/(7*(-2)/(-70)).
2, 5
Suppose t + t = -c + 1568, 0 = 5*t + 2*c - 3919. List the prime factors of t.
3, 29
Let g be 2*94*(-21)/(-28). Suppose 4*y - 154 = -2*o, -3*y = 4*o - g + 18. What are the prime factors of y?
37
Suppose -2*d - v = 2*d + 409, -3*v + 288 = -3*d. Let y = -27 - d. Suppose g = -3*o - 3*g + y, -4*o + 103 = g. What are the prime factors of o?
2, 13
Suppose 16 = 4*t + 4. What are the prime factors of 2 + 3 + (t - -49)?
3, 19
Let k(o) = 4 + o**2 + 3 + 0 + 0. List the prime factors of k(4).
23
Let l be -1 + 1 + 4 + 1. Suppose 3*w = k - 46, 3*k + 90 = -l*w - 2*k. Let m = 18 + w. What are the prime factors of m?
2
Suppose 7288 + 62588 = 18*c. List the prime factors of c.
2, 3, 647
Let f(t) be the third derivative of -3*t**4/4 - t**3/2 - t**2. Let x be f(-6). Suppose 6*i - x = i. List the prime factors of i.
3, 7
List the prime factors of (9/5 - 8/10)*859.
859
Let d(j) = j + 7. Let v(n) = -3*n - 20. Let g(h) = -17*d(h) - 6*v(h). List the prime factors of g(5).
2, 3
Let g(b) = b**2 - 15*b - 15. Let f be g(16). Let r be (-2 - -1)/f*-108. Suppose 4*z - r = 144. What are the prime factors of z?
3, 7
Let k = 1462 - 937. Suppose -4*y - 5*w - k = 707, 0 = -y + 4*w - 308. What are the prime factors of 2/6 + y/(-21)?
3, 5
List the prime factors of (-116196)/(-76) - 16/(-152).
11, 139
Let y(n) = -95*n - 19. What are the prime factors of y(-6)?
19, 29
Suppose 7 = -2*v - 5*b, -3*v + 5*b + 22 = 6*b. What are the prime factors of 1/3 - (-1005)/v?
2, 7
Let h(n) = -n. Let x be h(-4). List the prime factors of -39*3/(-18)*x.
2, 13
Let d be -6*((-1960)/(-6))/7. List the prime factors of (-30)/(-25)*d/(-6).
2, 7
Let d(s) = -7*s - 109. List the prime factors of d(-39).
2, 41
Suppose 0 = -4*t + 4, -4*m + 0*t - t + 21 = 0. Suppose f - 12 = -m*l + 558, -3*l - 5*f + 320 = 0. List the prime factors of l.
5, 23
Let v = -4052 + 7466. List the prime factors of v.
2, 3, 569
Let j be -4 + 1 - (-11 + 11). Let z(c) = -35*c - 3. What are the prime factors of z(j)?
2, 3, 17
Let v(h) = 27*h**2 - 3*h - 141. List the prime factors of v(10).
3, 281
Let k = -39 + 489. List the prime factors of k.
2, 3, 5
Let f(z) be the second derivative of -z**4/6 - 10*z**3/3 + 3*z**2 + 14*z. List the prime factors of f(-9).
2, 3
Let u(x) = -x**2 - 4*x + 7. Let i be u(3). Let j = i + 48. List the prime factors of j.
2, 17
Let s(a) be the second derivative of a**5/20 - 7*a**4/6 + 10*a**3/3 - 21*a**2/2 - 31*a. List the prime factors of s(13).
2, 5, 7
Let i = -336 + 591. What are the prime factors of i?
3, 5, 17
Suppose -5*r - 3 = -33. Suppose -y = 4, -2*y = -3*h - r*y - 10. Suppose -h*n = -2 - 42. What are the prime factors of n?
2, 11
Suppose 0 = -2*h + 5*h - 621. Let u = h - 142. List the prime factors of u.
5, 13
Let f(h) = -4*h + 0 + 3*h**3 + 2 - 2*h**3 - 4*h + 5*h**2. What are the prime factors of f(-6)?
2, 7
Let z(f) = -74*f - 48. List the prime factors of z(-9).
2, 3, 103
Suppose -2*q - 3*v = v + 36, 0 = 2*v + 8. Let a = q + 14. Suppose 4*z + j - 2*j - 235 = 0, 230 = a*z - 2*j. List the prime factors of z.
2, 3, 5
Suppose -2*z + 65 = -g, z + 150 = -2*g - 0*g. Let q = 182 + g. List the prime factors of q.
109
Let v be 516/(-8) + (-12)/(-8). What are the prime factors of (-18)/v + (-54)/(-7)?
2
Suppose 10*x + 10 = 5*x, -5*u + 8715 = -5*x. List the prime factors of u.
1741
Let a = -31 - -22. List the prime factors of a*(3 + 190/(-15)).
3, 29
Suppose -5*y + 4*y = 2*t - 22, 5*y - 38 = -2*t. Let h be 2*1 + 234/t. What are the prime factors of (-5 + -2)*(-48)/h?
2, 3
Suppose 4*q - 7*q = -105. Let w = q + -26. Suppose -w + 1 = -h. What are the prime factors of h?
2
Suppose 2*a + 22 = 7*a - 3*s, 5*a + 10 = -5*s. Suppose 0 = a*j - 5 - 7. Suppose -12 = -2*g - 2*z, 5*g + z + j - 52 = 0. List the prime factors of g.
2, 5
Suppose 3*p + 2*p - 9 = z, -4*z = 3*p + 13. Suppose a = 0, a - 1 = -2*s + p. Suppose -s = m - 9. What are the prime factors of m?
2
List the prime factors of 88 - 3*3/36*0.
2, 11
Let q(n) = 7*n + 1. Let w be q(-2). Let d = -3 - w. Suppose 0 = -6*m + d*m - 80. What are the prime factors of m?
2, 5
Suppose 0 = 5*k - 325 + 175. List the prime factors of k.
2, 3, 5
Let n be 21/((-1227)/618 + 2). What are the prime factors of 20/(-200) - n/(-20)?
2, 3
Let o(q) = -4*q**2 - 4*q + 15. Let s be o(-7). Let f = s + 371. List the prime factors of f.
2, 109
Let g = -23 + -31. Let u = -32 - g. What are the prime factors of u?
2, 11
Let m = 47 + -41. What are the prime factors of (-14)/(-30)*m*10?
2, 7
Let t(f) = f**2 - 5*f + 7. Let l be t(6). Suppose 2*p = 5*w + l, 0 = -0*p + 5*p + 5*w + 20. What are the prime factors of (-5 - p)*21/(-4)?
3, 7
Let a = 696 - 466. List the prime factors of (0 + 3)/(15/a).
2, 23
Let s(b) = 2*b**2 - 11*b - 21. Let z(u) = -u + 1. Let n be z(-9). List the prime factors of s(n).
3, 23
Let t be 9/(1 - -2)*1. Suppose -8 = -t*a + 16. Suppose -6*h = -h - z - a, 0 = 5*h - 3*z - 4. List the prime factors of h.
2
Let w be 4/(-10) + (-2478)/30. Let x = w + 157. What are the prime factors of x?
2, 37
Suppose -8*x + 9*x - 138 = 0. Let g = x - 6. What are the prime factors of g?
2, 3, 11
Suppose -5196 = -30*b + 1914. List the prime factors of b.
3, 79
Suppose 4*b - 4*d - 1356 = 0, 4*d - 1119 = -5*b + 540. List the prime factors of b.
5, 67
Suppose 0 = 6*c - 2084 - 2674. List the prime factors of c.
13, 61
Suppose 34*h = 29*h + 2465. What are the prime factors of h?
17, 29
Suppose 2*a + 29 + 45 = 0. Suppose 107 = -4*b + 7. Let u = b - a. What are the prime factors of u?
2, 3
Suppose 4*w - 3*w - u = -258, -1032 = 4*w - u. What are the prime factors of (-1 - w)/((-4)/2 - -3)?
257
Suppose 4*z + 2*a = 1396, 9*a - 11*a = -3*z + 1033. What are the prime factors of z?
347
Let x(c) = -9*c**3 + 3*c**2 - c - 15. Let p be x(-4). Suppose -p = -6*o + 677. What are the prime factors of o?
5, 43
Suppose 2*q - 4*r - 678 = 0, q + r = -73 + 418. List the prime factors of q.
7
Suppose -l = 5*d - 3913, -21*l - 4*d = -23*l + 7826. What are the prime factors of l?
7, 13, 43
Suppose o - 451 = -a, 3*a - 242 - 205 = -o. What are the prime factors of o?
3, 151
Let f = -8 + 19. Suppose -2*u + 1 = t, 4*u + f = 2*t - u. What are the prime factors of t?
3
Let x = 0 - -3. Suppose -x*d - 2*d = 3*w - 34, 0 = d - 2. Let r(f) = f**2 - 6*f - 4. What are the prime factors of r(w)?
2, 3
Let i(k) = k**3 - 3*k**2 + 3*k + 1. Let z be i(3). List the prime factors of 18/45 - (-1506)/z.